*f + s. Suppose -1 - f = -v. List the prime factors of v.
3
Let r(s) = s**3 + 6*s**2 - 5*s + 6. Let f be r(-5). What are the prime factors of (f/(-10))/((-18)/45)?
2, 7
Let q be (15/(-20))/((-1)/4). Suppose -q*d + 2*d = -2. List the prime factors of d.
2
Let c be 58/18 - (-6)/(-27). Let m be (-4)/c*(-36)/8. Let k = 6 + m. What are the prime factors of k?
2, 3
Suppose o + 4 = 2*h - 0*h, -12 = o - 4*h. What are the prime factors of (-20)/(-15)*42/o?
2, 7
Suppose -4*g - 2*d = 3 + 3, 4*g - 4*d = 0. Let c = g - -3. Suppose 0 = -4*l + 16, -3*z - 2*z = -c*l - 37. What are the prime factors of z?
3
Let u(d) = -d - 5. Let n be u(6). Let a = -9 - n. What are the prime factors of a?
2
Suppose 8*t = 5*t + 6. Suppose 0 = -t*b + 6*b - 4. Suppose -5 = -3*p + b. What are the prime factors of p?
2
Let v(t) = 3*t - 3. Let o be v(2). Let g = 13 + o. List the prime factors of g.
2
Suppose -6 = -9*y + 7*y. What are the prime factors of y?
3
Suppose 19*q - 1373 = 1895. List the prime factors of q.
2, 43
Let g be (-2)/(-4) - 53/(-2). Let j be (4/6)/(6/g). List the prime factors of (-1)/((-1)/(21/j)).
7
Suppose -b + 5 = t, 3*t - 4*b - 2 = -8. Suppose -t*h - 3 = -3*h. Suppose h*v = -0*v + 24. What are the prime factors of v?
2
Suppose 2 + 0 = u. Suppose -24 = i - u*i. What are the prime factors of i?
2, 3
Let x be (1 + -10)/(-3) - 2. List the prime factors of 4 - 1 - (-3 + x).
5
Let f = -76 - -49. Let t be 3 - 0 - f - 2. Let y = t - 13. What are the prime factors of y?
3, 5
Let v = -2 - 0. Let l = -1 + v. Let a(f) = f**2 + f + 3. What are the prime factors of a(l)?
3
Suppose -2*r = -l + 30, 0 = -3*r + 4*r + 3. Suppose 5*s = s - l. Let t = 3 - s. List the prime factors of t.
3
Let w(u) be the first derivative of u**3/3 + u**2 - 4*u + 1. What are the prime factors of w(-4)?
2
Let c = -10 + 14. Let w be (c/3)/(16/24). List the prime factors of (w + -1)*4 - -1.
5
Let d(i) = i**3 + 6*i**2. Let w be d(-6). Suppose w*f + 3*b = -3*f + 36, 4*f - 5*b = 30. List the prime factors of f.
2, 5
Let s(f) = f**3 - 11*f**2 + 11*f. What are the prime factors of s(12)?
2, 3, 23
Suppose -2*v + 24 + 4 = 0. Let b = v + -12. What are the prime factors of b?
2
Let w(i) = 2*i**3 - 3*i + 1. List the prime factors of w(2).
11
Let h be (-9)/3*1*-1. Suppose h*v - 3*y - 7 = 26, -2*v = y - 13. List the prime factors of v.
2
Let h = -4 + 6. Suppose 0*d - 28 = h*d. Let w = d + 26. List the prime factors of w.
2, 3
Let f(a) = a + 6. Suppose 3*c - 10 = 2. Let x be 2 - (-1 + c/(-2)). What are the prime factors of f(x)?
11
Suppose -s = -2*h - 222, -s + h + 80 = -142. What are the prime factors of s?
2, 3, 37
Suppose -32 = -5*k - 2. Let r be k/3 + 1 + 3. Let l = r - -3. List the prime factors of l.
3
Suppose -n = m, -3*n + 2*m + 2*m - 14 = 0. Let x be (-1)/(n + 3/2). Let p = x - -3. List the prime factors of p.
5
Let z(b) be the first derivative of b**4/12 - b**3/3 + b**2 - 3*b + 3. Let u(y) be the first derivative of z(y). What are the prime factors of u(-3)?
17
Suppose p + p + 2 = 0. Let b(s) = -1 + s**3 - 4*s**3 - s**2 - 3*s**3 - s. What are the prime factors of b(p)?
5
Suppose -2*s = -j + s, 8 = 3*j - 5*s. List the prime factors of j.
2, 3
Suppose 25*k - 590 = 23*k. What are the prime factors of k?
5, 59
Suppose -12*v = v - 1690. List the prime factors of v.
2, 5, 13
Let t = 30 + 87. What are the prime factors of t?
3, 13
Let b(d) = -d**3 - 5*d**2 + 3*d + 3. List the prime factors of b(-6).
3, 7
Let n = 12 - -11. Let y = 1 + -8. Let w = y + n. What are the prime factors of w?
2
Let r be 7 + 3/(6/2). Suppose r*p - 3*p = 3*b + 59, -b - 3 = 0. Let d = p + -8. What are the prime factors of d?
2
Let q(o) = -2*o**2 + o + 141. What are the prime factors of q(0)?
3, 47
Let u = -2 - -5. Suppose -3*y + 9 = -u. What are the prime factors of y?
2
Suppose 119 = 5*p - 3*w, -6*p - 5*w + 7 = -5*p. List the prime factors of p.
2, 11
Suppose 0*p = 2*t - 2*p - 32, 3*p + 12 = 0. Let j be 8/t + (-14)/3. List the prime factors of 204/21 + j/(-14).
2, 5
Suppose p - 9 = 2*p. Let z(l) = -2*l - 1. Let y(u) = 4*u + 2. Let d(s) = p*z(s) - 4*y(s). List the prime factors of d(5).
11
Let o(j) = j**3 + 9*j**2 - 17*j - 15. Let b be o(-11). What are the prime factors of (-4)/6*(-2 + b)?
2, 3
Suppose -5*r - 4*t = 47, -2*r - 8*t + 3*t = 29. Let d = r + -5. List the prime factors of 3/(-18) + (-158)/d.
13
What are the prime factors of (25/(-8) + (-18)/144)*-32?
2, 13
Suppose 0 = 4*i - 4*x - 128, -i + 52 = i + x. List the prime factors of i.
2, 7
Let g(t) = -t**3 - t**2 + t + 6. Let m be 1*(1 - 0 - 1). Let v be g(m). What are the prime factors of (-18 + v/(-3))*-1?
2, 5
Let s = -35 - -82. Let q(h) = -10*h**3 - h**2 + 4*h + 3. Let d be q(-2). Suppose 3*l - 4*y - s = -0*y, 3*y = -4*l + d. List the prime factors of l.
17
Let g = 260 + -169. What are the prime factors of g?
7, 13
Let w = 194 - 109. What are the prime factors of w?
5, 17
Suppose 3*w - 57 = 42. Suppose 2*l - w = -1. List the prime factors of l.
2
Let m(h) = 2*h - 11. Suppose 3*x - 40 = -x. List the prime factors of m(x).
3
Suppose -2*b = -81 - 573. What are the prime factors of b?
3, 109
Let j be (4/1 + -3)*-1. Let w be (j/(-3))/(2/(-6)). Let l = 3 - w. What are the prime factors of l?
2
Suppose -3*u - 2*u + z = -5, 4 = 4*u - z. Suppose -l + 3 - u = 0. What are the prime factors of l?
2
Suppose 2*m + 0*m = -5*u + 230, 0 = m. List the prime factors of u.
2, 23
Let m = -76 - -143. What are the prime factors of m?
67
What are the prime factors of 175/6 - (-6)/(-36)?
29
Let x(m) = m**3 + 10*m**2 - 6. List the prime factors of x(-8).
2, 61
Suppose -4*v + 5 = 3*i, 4*i = 8*v - 4*v + 16. Suppose 5*r = b + 62, i*r = -2*b - b + 48. List the prime factors of r.
13
Suppose -5*a + 264 = 3*a. What are the prime factors of a?
3, 11
Suppose 4*p + 14 = 2, -d - 1 = 2*p. Let s be (-50)/(-3) - 3/(-9). Suppose -2*v + s = d. What are the prime factors of v?
2, 3
Let p be 0 + -1 - (-4 - 2). Suppose t = -4*d + 12, -t = -d - p*t + 3. List the prime factors of d.
3
Suppose 10*s + 1035 = 19*s. List the prime factors of s.
5, 23
Let b(u) = 12 + u + 0 - 2. Let t be 0 + 2 + -8 + 0. What are the prime factors of b(t)?
2
Let t = 2 + -4. Let m(j) = -j**2 + j + 2. Let y be m(t). List the prime factors of (-26)/y + (-1)/2.
2, 3
Let m = 18 + -11. Suppose -5 = -2*z + m. What are the prime factors of z?
2, 3
Suppose -3*l = -4*x - 50, -2*l - 3*x + 64 = 3*l. Let g = l + -6. What are the prime factors of g?
2
Let h be (-2)/4*-8*2. Let i = h + -8. Suppose i*p - 2*b = -4*p + 48, 3*p - 43 = -2*b. What are the prime factors of p?
13
Let v(t) = 2*t + t**3 - t**3 + 3 - t**3 + 5*t**2. List the prime factors of v(5).
13
Suppose -q = -5*u - 29, 5*q - 3*u - 23 - 12 = 0. Let h = 22 + q. List the prime factors of h.
2, 13
Let r(l) = -l**3 - 6*l**2 + 7*l + 6. Let g be r(-7). Let o = g + 5. What are the prime factors of o?
11
Let t be -2 + 2 + -1 + 0. Let f(j) = -10*j**3 - j**2 + j + 1. Let s be f(t). Suppose 5*c = s*c - 52. List the prime factors of c.
13
Suppose 5*i = 3*t, 0*t - 3*t + 4*i = 3. Let r(l) = -l + 5. Let o be r(t). Suppose 4*g = 12, 5*f - 1 = 3*g + o. What are the prime factors of f?
2
Suppose 0 = m + 3 - 0, -3*w - 2*m = 1128. Let i = 254 + w. What are the prime factors of i/(-21) + (-2)/(-7)?
2, 3
Let h = 87 + -2. What are the prime factors of h?
5, 17
Let k(z) = z**2 + z - 3. List the prime factors of k(5).
3
Suppose 0 = n + 9 + 9. Let d = n - -26. What are the prime factors of d?
2
Let a(k) = -2*k + 3. Let i(s) = -3*s + 5. Let u(h) = -5*a(h) + 3*i(h). Let w be (-3)/6 - 55/(-10). List the prime factors of u(w).
5
Let v(k) = k**2 - 4*k - 1. Let i be (-3)/(-3) - (3 + -2). Suppose 4*x + 12 = -i*x. What are the prime factors of v(x)?
2, 5
Let n(x) = x + 8. Let u be n(-6). Let t = 0 + u. List the prime factors of t.
2
Suppose -2*x + 169 = 3*h - 53, -2*x + 70 = h. List the prime factors of h.
2, 19
Suppose -11 - 9 = -y. List the prime factors of y.
2, 5
Suppose 0 = -t - 0 + 2. Suppose 3 = t*i + 13, 0 = -5*h + i + 95. List the prime factors of h.
2, 3
Suppose 2*d = -9 - 7. Let j(t) be the first derivative of -t**2 - 9*t + 1. List the prime factors of j(d).
7
Let f(d) be the third derivative of 1/10*d**5 - 1/8*d**4 + 0*d + 7/6*d**3 + 0 + d**2 - 1/120*d**6. List the prime factors of f(5).
17
Suppose -2 - 203 = -5*d. Let 